es 32 divide 319824678?
False
Is 3792 a factor of 1013032800?
True
Is 166 a factor of 32111040?
True
Is 301 a factor of 23195777?
False
Does 847 divide 231480243?
False
Is 107 a factor of 59301326?
True
Does 163 divide 1492558785?
False
Is 52 a factor of 90631632?
True
Does 13 divide 7234178?
False
Is 76099548 a multiple of 102?
True
Is 147 a factor of 84376824?
True
Does 67 divide 1552800?
False
Is 25344900 a multiple of 90?
True
Does 3525 divide 113000925?
True
Is 641104583 a multiple of 1519?
True
Does 83 divide 3132809?
False
Does 732 divide 328913952?
True
Is 552339045 a multiple of 4035?
True
Is 9606624 a multiple of 85?
False
Is 2215848 a multiple of 202?
False
Is 142 a factor of 7340629?
False
Is 2000 a factor of 390088000?
True
Does 397 divide 2185178922?
False
Is 1062 a factor of 2385753588?
False
Does 258 divide 45542827?
False
Does 49 divide 5157649154?
True
Does 378 divide 506516814?
False
Is 5354294 a multiple of 202?
False
Is 815 a factor of 835026583?
False
Is 85950827 a multiple of 209?
False
Does 53 divide 506263993?
False
Is 2967437536 a multiple of 4384?
True
Is 4850907 a multiple of 15?
False
Is 9828 a factor of 7960680?
True
Does 51 divide 217687176?
True
Is 27 a factor of 435325455?
True
Is 228845104 a multiple of 604?
False
Is 77 a factor of 102228126?
True
Is 3891 a factor of 1722788109?
False
Is 3 a factor of 93465674?
False
Is 17 a factor of 19771310?
False
Does 49 divide 2304648948?
True
Is 3883026341 a multiple of 17?
False
Does 435 divide 370347255?
True
Is 3422 a factor of 2473640608?
True
Does 5 divide 185398240?
True
Does 18 divide 215138376?
True
Is 53758008 a multiple of 4?
True
Does 72 divide 11123352?
True
Is 189832235 a multiple of 325?
False
Is 556434786 a multiple of 19?
False
Does 11 divide 146748250?
True
Is 978 a factor of 42691035?
False
Does 10 divide 181705751?
False
Is 4724625 a multiple of 293?
True
Does 34 divide 44375874?
False
Does 67 divide 186238560?
True
Is 35034662 a multiple of 230?
False
Does 11 divide 22263570?
False
Is 2442306888 a multiple of 3435?
False
Does 349 divide 462458421?
False
Is 4540608 a multiple of 192?
True
Does 8 divide 107707864?
True
Does 38 divide 16316288?
True
Is 158376592 a multiple of 10?
False
Is 8127556 a multiple of 46?
True
Is 41253490 a multiple of 23?
True
Is 1436621670 a multiple of 18?
True
Is 13 a factor of 199794842?
True
Is 929620 a multiple of 1754?
True
Does 2839 divide 1202409227?
False
Does 19 divide 3204047155?
False
Is 1312250004 a multiple of 13?
True
Is 2292 a factor of 179266488?
True
Is 149 a factor of 2772877?
False
Is 6878340 a multiple of 36?
True
Does 9 divide 317683371?
False
Is 636046048 a multiple of 11?
True
Is 69 a factor of 11702823?
False
Is 258 a factor of 86448834?
True
Does 8 divide 70753344?
True
Does 40 divide 333359680?
True
Is 3947127098 a multiple of 163?
False
Is 111375210 a multiple of 83?
True
Is 630 a factor of 644950631?
False
Is 411 a factor of 939032330?
False
Does 235 divide 48719007?
False
Does 38 divide 37462642?
True
Is 4994 a factor of 540784906?
False
Is 199904751 a multiple of 10?
False
Is 446 a factor of 176541518?
True
Is 218192800 a multiple of 10?
True
Is 5 a factor of 16555396?
False
Is 450891244 a multiple of 2207?
False
Is 88295130 a multiple of 31?
True
Is 16 a factor of 223763472?
True
Is 73 a factor of 1186969488?
True
Does 22 divide 3110058534?
True
Is 389 a factor of 243292270?
True
Is 2 a factor of 505716322?
True
Is 119770728 a multiple of 84?
True
Is 538568 a multiple of 92?
True
Does 820 divide 608417040?
True
Does 75 divide 174184500?
True
Is 225 a factor of 506844976?
False
Does 69 divide 2916224?
False
Does 54 divide 88333848?
True
Is 92625566 a multiple of 11?
True
Does 37 divide 326429429?
True
Is 81182806 a multiple of 1466?
False
Is 81 a factor of 47604510?
True
Is 2711744216 a multiple of 6?
False
Is 4 a factor of 53043784?
True
Is 1471 a factor of 410450188?
True
Is 114 a factor of 222891680?
False
Does 261 divide 150292152?
True
Is 3232 a factor of 53738464?
True
Does 425 divide 12243066?
False
Does 11 divide 203116364?
True
Is 403282818 a multiple of 118?
True
Does 792 divide 1971958?
False
Does 242 divide 38615687?
False
Is 125206520 a multiple of 5?
True
Does 13 divide 485360592?
False
Is 18783084 a multiple of 6?
True
Does 152 divide 32310336?
True
Does 3 divide 204861333?
True
Is 1772760 a multiple of 4?
True
Is 1484260086 a multiple of 27?
False
Does 1946 divide 247830561?
False
Does 2045 divide 147968312?
False
Is 142272988 a multiple of 19?
True
Does 8 divide 378376784?
True
Is 141172643 a multiple of 4?
False
Is 3820308844 a multiple of 1601?
False
Is 1927 a factor of 86599025?
False
Is 693356747 a multiple of 170?
False
Is 17700256 a multiple of 32?
True
Is 17 a factor of 27289327?
False
Is 474 a factor of 19995597?
False
Does 2008 divide 55819227?
False
Is 11 a factor of 4929756117?
True
Is 64 a factor of 9760448?
True
Does 16 divide 803994544?
True
Is 7 a factor of 2813327?
False
Is 15 a factor of 70033888?
False
Is 7490800 a multiple of 859?
False
Does 94 divide 1021656578?
True
Does 3 divide 14930046?
True
Is 72001354 a multiple of 18?
False
Does 682 divide 507311748?
False
Is 437667115 a multiple of 1321?
True
Is 74872053 a multiple of 4023?
True
Does 450 divide 2244290751?
False
Is 185449534 a multiple of 266?
False
Is 2052 a factor of 116898336?
True
Is 16319129 a multiple of 4?
False
Does 3113 divide 3592327288?
True
Is 33 a factor of 1154447481?
True
Is 425 a factor of 83321675?
True
Is 3884218052 a multiple of 19?
False
Does 89 divide 124289809?
False
Is 14285532 a multiple of 6?
True
Is 5171911 a multiple of 663?
False
Does 84 divide 60176760?
True
Is 52 a factor of 7621172?
True
Does 5546 divide 420153868?
True
Does 1356 divide 17619864?
True
Is 712931021 a multiple of 22?
False
Is 1129007232 a multiple of 638?
False
Is 1475274 a multiple of 3?
True
Is 22 a factor of 1396213302?
True
Is 545025147 a multiple of 2?
False
Is 376 a factor of 1969112679?
False
Is 6 a factor of 14002140?
True
Is 718 a factor of 688964798?
True
Is 2649421588 a multiple of 62?
False
Does 709 divide 22766699?
True
Does 986 divide 3199484389?
False
Is 388 a factor of 122181588?
True
Is 1363898292 a multiple of 164?
True
Is 38868642 a multiple of 1959?
False
Is 23 a factor of 1291163?
False
Is 374 a factor of 1335577188?
True
Is 98 a factor of 364602290?
False
Does 35 divide 865588360?
True
Is 835190681 a multiple of 13?
True
Is 14 a factor of 50629030?
False
Is 12 a factor of 793633976?
False
Is 3 a factor of 21146139?
True
Is 204993550 a multiple of 50?
True
Does 75 divide 203656329?
False
Does 336 divide 18019344?
True
Is 3 a factor of 5044515?
True
Does 519 divide 17707242?
True
Is 163501882 a multiple of 52?
False
Is 4690 a factor of 12532571?
False
Does 445 divide 178143735?
True
Is 413 a factor of 669515539?
True
Is 19 a factor of 23907838?
False
Is 2161392729 a multiple of 2030?
False
Does 6333 divide 666896565?
True
Is 808188420 a multiple of 15?
True
Is 5715675 a multiple of 245?
False
Is 494 a factor of 7341334?
True
Is 24742838 a multiple of 53?
True
Is 1843807516 a multiple of 8838?
False
Is 3912313 a multiple of 71?
True
Does 2455 divide 712836255?
True
Is 11 a factor of 30616765?
False
Is 19300134 a multiple of 7?
True
Is 112 a factor of 174016416?
True
Does 314 divide 21301172?
False
Is 1976 a factor of 444586168?
True
Is 24052760 a multiple of 6?
False
Is 492325392 a multiple of 2028?
True
Does 43 divide 24929422?
True
Is 1277427120 a multiple of 160?
False
Is 662433065 a multiple of 4588?
False
Is 74210096 a multiple of 37?
False
Is 473695303 a multiple of 7?
False
Does 61 divide 126830651?
True
Is 200 a factor of 115739800?
True
Is 5907 a factor of 1167548085?
True
Does 69 divide 125411128?
False
Is 2099965758 a multiple of 906?
True
Is 159287881 a multiple of 27?
False
Is 804322440 a multiple of 855?
True
Is 2520280 a multiple of 10?
True
Is 554929500 a multiple of 30?
True
Is 16115494 a multiple of 147?
False
Does 9 divide 7920735?
False
Is 586 a factor of 852544444?
True
Does 11 divide 650367716?
False
Is 41987343 even?
False
Is 34 a factor of 27152774?
True
Is 182 a factor of 1107383914?
True
Does 117 divide 68883516?
True
Is 4216 a factor of 312405600?
True
Is 9